{"id":5912,"date":"2025-09-15T17:27:33","date_gmt":"2025-09-15T15:27:33","guid":{"rendered":"https:\/\/www.novani.be\/?post_type=product&#038;p=5912"},"modified":"2026-02-02T10:59:41","modified_gmt":"2026-02-02T09:59:41","slug":"momo-la-bougie-momie","status":"publish","type":"product","link":"https:\/\/www.novani.be\/index.php\/produit\/momo-la-bougie-momie\/","title":{"rendered":"MOMO ! La bougie momie"},"content":{"rendered":"<h1 data-start=\"186\" data-end=\"211\"><strong data-start=\"188\" data-end=\"209\">MOMO! La bougie momie\u00a0<\/strong><\/h1>\n<p data-start=\"248\" data-end=\"612\"><strong data-start=\"251\" data-end=\"297\">Un parfum d\u2019Halloween espi\u00e8gle et gourmand<\/strong><br data-start=\"297\" data-end=\"300\" \/>MOMO! La bougie momie d\u00e9voile une fragrance qui joue sur les contrastes : la chaleur \u00e9pic\u00e9e de la cannelle, l\u2019\u00e9clat fruit\u00e9 de la pomme et de l\u2019orange, et une pointe de vanille sucr\u00e9e pour envelopper le tout. Un m\u00e9lange vif et g\u00e9n\u00e9reux, qui \u00e9voque les paniers de friandises et l\u2019ambiance joyeuse des soir\u00e9es d\u2019octobre.<\/p>\n<p data-start=\"614\" data-end=\"842\"><strong data-start=\"617\" data-end=\"654\">L\u2019esprit Trick or Treat en bougie<\/strong><br data-start=\"654\" data-end=\"657\" \/>\u00c9pic\u00e9e, fruit\u00e9e et douce \u00e0 la fois, cette cr\u00e9ation fait entrer la f\u00eate d\u2019Halloween dans la maison. Parfaite pour cr\u00e9er une atmosph\u00e8re chaleureuse, r\u00e9confortante et un brin malicieuse.<\/p>\n<h2 data-start=\"849\" data-end=\"876\"><strong data-start=\"852\" data-end=\"874\">Pyramide olfactive<\/strong><\/h2>\n<ul>\n<li data-start=\"879\" data-end=\"920\"><strong data-start=\"879\" data-end=\"900\">Famille olfactive<\/strong> : Fruit\u00e9 gourmand<\/li>\n<li data-start=\"923\" data-end=\"953\"><strong data-start=\"923\" data-end=\"940\">Notes de t\u00eate<\/strong> : Cannelle<\/li>\n<li data-start=\"956\" data-end=\"991\"><strong data-start=\"956\" data-end=\"973\">Notes de c\u0153ur<\/strong> : Pomme, orange<\/li>\n<li data-start=\"994\" data-end=\"1023\"><strong data-start=\"994\" data-end=\"1011\">Notes de fond<\/strong> : Vanille<\/li>\n<\/ul>\n<h2 data-start=\"1030\" data-end=\"1055\"><strong data-start=\"1033\" data-end=\"1053\">Caract\u00e9ristiques<\/strong><\/h2>\n<ul>\n<li data-start=\"1058\" data-end=\"1081\">Poids: <strong data-start=\"1071\" data-end=\"1079\">100 g<\/strong><\/li>\n<li data-start=\"1084\" data-end=\"1129\">Livr\u00e9e dans une <strong data-start=\"1100\" data-end=\"1127\">petite bo\u00eete d\u00e9corative<\/strong><\/li>\n<li data-start=\"1132\" data-end=\"1157\">Cire d&#8217;olive europ\u00e9enne<\/li>\n<li data-start=\"1160\" data-end=\"1216\">Parfum de Grasse, sans CMR, phtalates ni reprotoxiques<\/li>\n<li data-start=\"1219\" data-end=\"1262\">Fabriqu\u00e9e et coul\u00e9e \u00e0 la main en Belgique<\/li>\n<\/ul>\n<p data-start=\"1269\" data-end=\"1362\">\ud83d\udc49 MOMO! La bougie momie fait partie de la collection automnale aux parfums sensoriels et festifs.<\/p>\n","protected":false},"excerpt":{"rendered":"<h3 data-start=\"186\" data-end=\"211\"><strong data-start=\"188\" data-end=\"209\">MOMO! La bougie momie\u00a0<\/strong><\/h3>\n<p data-start=\"186\" data-end=\"211\">MOMO! La bougie momie d\u00e9voile une fragrance qui joue sur les contrastes : la chaleur \u00e9pic\u00e9e de la cannelle, l\u2019\u00e9clat fruit\u00e9 de la pomme et de l\u2019orange, et une pointe de vanille sucr\u00e9e pour envelopper le tout. Un m\u00e9lange vif et g\u00e9n\u00e9reux, qui \u00e9voque les paniers de friandises et l\u2019ambiance joyeuse des soir\u00e9es d\u2019octobre.<\/p>\n","protected":false},"featured_media":5916,"comment_status":"closed","ping_status":"closed","template":"","meta":{"content-type":"","om_disable_all_campaigns":false,"_monsterinsights_skip_tracking":false,"_monsterinsights_sitenote_active":false,"_monsterinsights_sitenote_note":"","_monsterinsights_sitenote_category":0,"_uf_show_specific_survey":0,"_uf_disable_surveys":false,"ocean_post_layout":"","ocean_both_sidebars_style":"","ocean_both_sidebars_content_width":0,"ocean_both_sidebars_sidebars_width":0,"ocean_sidebar":"0","ocean_second_sidebar":"0","ocean_disable_margins":"enable","ocean_add_body_class":"","ocean_shortcode_before_top_bar":"","ocean_shortcode_after_top_bar":"","ocean_shortcode_before_header":"","ocean_shortcode_after_header":"","ocean_has_shortcode":"","ocean_shortcode_after_title":"","ocean_shortcode_before_footer_widgets":"","ocean_shortcode_after_footer_widgets":"","ocean_shortcode_before_footer_bottom":"","ocean_shortcode_after_footer_bottom":"","ocean_display_top_bar":"default","ocean_display_header":"default","ocean_header_style":"","ocean_center_header_left_menu":"0","ocean_custom_header_template":"0","ocean_custom_logo":0,"ocean_custom_retina_logo":0,"ocean_custom_logo_max_width":0,"ocean_custom_logo_tablet_max_width":0,"ocean_custom_logo_mobile_max_width":0,"ocean_custom_logo_max_height":0,"ocean_custom_logo_tablet_max_height":0,"ocean_custom_logo_mobile_max_height":0,"ocean_header_custom_menu":"0","ocean_menu_typo_font_family":"0","ocean_menu_typo_font_subset":"","ocean_menu_typo_font_size":0,"ocean_menu_typo_font_size_tablet":0,"ocean_menu_typo_font_size_mobile":0,"ocean_menu_typo_font_size_unit":"px","ocean_menu_typo_font_weight":"","ocean_menu_typo_font_weight_tablet":"","ocean_menu_typo_font_weight_mobile":"","ocean_menu_typo_transform":"","ocean_menu_typo_transform_tablet":"","ocean_menu_typo_transform_mobile":"","ocean_menu_typo_line_height":0,"ocean_menu_typo_line_height_tablet":0,"ocean_menu_typo_line_height_mobile":0,"ocean_menu_typo_line_height_unit":"","ocean_menu_typo_spacing":0,"ocean_menu_typo_spacing_tablet":0,"ocean_menu_typo_spacing_mobile":0,"ocean_menu_typo_spacing_unit":"","ocean_menu_link_color":"","ocean_menu_link_color_hover":"","ocean_menu_link_color_active":"","ocean_menu_link_background":"","ocean_menu_link_hover_background":"","ocean_menu_link_active_background":"","ocean_menu_social_links_bg":"","ocean_menu_social_hover_links_bg":"","ocean_menu_social_links_color":"","ocean_menu_social_hover_links_color":"","ocean_disable_title":"default","ocean_disable_heading":"default","ocean_post_title":"","ocean_post_subheading":"","ocean_post_title_style":"","ocean_post_title_background_color":"","ocean_post_title_background":0,"ocean_post_title_bg_image_position":"","ocean_post_title_bg_image_attachment":"","ocean_post_title_bg_image_repeat":"","ocean_post_title_bg_image_size":"","ocean_post_title_height":0,"ocean_post_title_bg_overlay":0.5,"ocean_post_title_bg_overlay_color":"","ocean_disable_breadcrumbs":"default","ocean_breadcrumbs_color":"","ocean_breadcrumbs_separator_color":"","ocean_breadcrumbs_links_color":"","ocean_breadcrumbs_links_hover_color":"","ocean_display_footer_widgets":"default","ocean_display_footer_bottom":"default","ocean_custom_footer_template":"0","ofc_meta_disable_footer_callout":"","ofc_meta_callout_button_url":"","ofc_meta_callout_button_txt":"","ofc_meta_callout_text":"","ofc_enable_fullscreen":"disable","ofc_fullscreen_speed":0,"ofc_fullscreen_nav":"enable","ofc_fullscreen_nav_pos":"right","ofc_fullscreen_nav_color":"","ofc_fullscreen_nav_tooltip_color":"","ofc_fullscreen_responsive":0,"osp_disable_panel":"default","osh_disable_topbar_sticky":"default","osh_disable_header_sticky":"default","osh_sticky_header_style":"default","osh_sticky_header_effect":"","osh_custom_sticky_logo":0,"osh_custom_retina_sticky_logo":0,"osh_custom_sticky_logo_height":0,"osh_background_color":"","osh_links_color":"","osh_links_hover_color":"","osh_links_active_color":"","osh_links_bg_color":"","osh_links_hover_bg_color":"","osh_links_active_bg_color":"","osh_menu_social_links_color":"","osh_menu_social_hover_links_color":""},"product_brand":[],"product_cat":[71,27,30,131],"product_tag":[66],"class_list":{"0":"post-5912","1":"product","2":"type-product","3":"status-publish","4":"has-post-thumbnail","6":"product_cat-bougies","7":"product_cat-la-boutique","8":"product_cat-les-parfumes","9":"product_cat-automne","10":"product_tag-bougies","12":"entry","13":"has-media","15":"first","16":"instock","17":"shipping-taxable","18":"purchasable","19":"product-type-simple","20":"has-product-nav","21":"col","22":"span_1_of_4","23":"owp-content-center","24":"item-entry","25":"owp-thumbs-layout-vertical","26":"owp-btn-normal","27":"owp-tabs-layout-vertical","29":"circle-sale"},"aioseo_notices":[],"_links":{"self":[{"href":"https:\/\/www.novani.be\/index.php\/wp-json\/wp\/v2\/product\/5912","targetHints":{"allow":["GET"]}}],"collection":[{"href":"https:\/\/www.novani.be\/index.php\/wp-json\/wp\/v2\/product"}],"about":[{"href":"https:\/\/www.novani.be\/index.php\/wp-json\/wp\/v2\/types\/product"}],"replies":[{"embeddable":true,"href":"https:\/\/www.novani.be\/index.php\/wp-json\/wp\/v2\/comments?post=5912"}],"wp:featuredmedia":[{"embeddable":true,"href":"https:\/\/www.novani.be\/index.php\/wp-json\/wp\/v2\/media\/5916"}],"wp:attachment":[{"href":"https:\/\/www.novani.be\/index.php\/wp-json\/wp\/v2\/media?parent=5912"}],"wp:term":[{"taxonomy":"product_brand","embeddable":true,"href":"https:\/\/www.novani.be\/index.php\/wp-json\/wp\/v2\/product_brand?post=5912"},{"taxonomy":"product_cat","embeddable":true,"href":"https:\/\/www.novani.be\/index.php\/wp-json\/wp\/v2\/product_cat?post=5912"},{"taxonomy":"product_tag","embeddable":true,"href":"https:\/\/www.novani.be\/index.php\/wp-json\/wp\/v2\/product_tag?post=5912"}],"curies":[{"name":"wp","href":"https:\/\/api.w.org\/{rel}","templated":true}]}}