{"id":937,"date":"2024-05-17T20:15:32","date_gmt":"2024-05-17T18:15:32","guid":{"rendered":"https:\/\/www.novani.be\/?page_id=937"},"modified":"2026-04-27T11:32:48","modified_gmt":"2026-04-27T09:32:48","slug":"ou-me-trouver-novani","status":"publish","type":"page","link":"https:\/\/www.novani.be\/index.php\/ou-me-trouver-novani\/","title":{"rendered":"O\u00f9 trouver les cr\u00e9ations Novani ?"},"content":{"rendered":"\t\t<div data-elementor-type=\"wp-page\" data-elementor-id=\"937\" class=\"elementor elementor-937\" data-elementor-post-type=\"page\">\n\t\t\t\t<div class=\"elementor-element elementor-element-021b62e e-flex e-con-boxed e-con e-parent\" data-id=\"021b62e\" data-element_type=\"container\" data-e-type=\"container\">\n\t\t\t\t\t<div class=\"e-con-inner\">\n\t\t\t\t<div class=\"elementor-element elementor-element-76669a3 elementor-widget elementor-widget-heading\" data-id=\"76669a3\" data-element_type=\"widget\" data-e-type=\"widget\" data-widget_type=\"heading.default\">\n\t\t\t\t<div class=\"elementor-widget-container\">\n\t\t\t\t\t<h2 class=\"elementor-heading-title elementor-size-default\">O\u00f9 trouver mes cr\u00e9ations ?<\/h2>\t\t\t\t<\/div>\n\t\t\t\t<\/div>\n\t\t\t\t<div class=\"elementor-element elementor-element-868300e elementor-widget elementor-widget-text-editor\" data-id=\"868300e\" data-element_type=\"widget\" data-e-type=\"widget\" data-widget_type=\"text-editor.default\">\n\t\t\t\t<div class=\"elementor-widget-container\">\n\t\t\t\t\t\t\t\t\t<p>Vous cherchez o\u00f9 d\u00e9couvrir et acheter mes cr\u00e9ations sensorielles en terrazzo ?<\/p><p data-pm-slice=\"1 1 []\">Voici toutes les options disponibles :<\/p><h3 data-pm-slice=\"1 3 []\">1. Chez mes revendeurs<\/h3><p>Je travaille avec plusieurs magasins s\u00e9lectionn\u00e9s pour vous offrir un acc\u00e8s local \u00e0 mes produits :<\/p><p><strong>Moms&#8217; Pop Up Store<\/strong> (du 25\/04\/2026 au 31\/01\/2027)<strong><br \/><\/strong>Rue du Pot d&#8217;Or 25<br \/>4000 Li\u00e8ge<strong><br \/><\/strong><span style=\"text-decoration: underline;\"><a href=\"https:\/\/www.facebook.com\/momspopupstoreliege\">https:\/\/www.facebook.com\/momspopupstoreliege<\/a><\/span><\/p><p><b>Les Fl\u00e2neries Hannut <\/b>(jusqu&#8217;au 30\/05\/2026)<br \/>Rue Albert 1er 28<br \/>4280 Hannut<strong><br \/><\/strong><span style=\"text-decoration: underline;\"><a href=\"https:\/\/www.facebook.com\/flaneries.be\">https:\/\/www.facebook.com\/flaneries.be<\/a><\/span><\/p><p><strong>Les Parenth\u00e8ses Cr\u00e9atives <\/strong>(du 03\/06\/2026 au 03\/10\/2026)<br \/>Chemin-rue 30<br \/>4960 Malmedy<br \/><span style=\"text-decoration: underline;\"><a href=\"https:\/\/www.facebook.com\/profile.php?id=61580707994921\">https:\/\/www.facebook.com\/profile.php?id=61580707994921<\/a><\/span><\/p><p><strong>ArumF<\/strong><br \/>Avenue de la R\u00e9sistance 258b<br \/>4630 Soumagne<br \/><span style=\"text-decoration: underline;\"><a href=\"https:\/\/www.facebook.com\/p\/Arum-F-100082942431843\/\">https:\/\/www.facebook.com\/p\/Arum-F-100082942431843\/<\/a><\/span><\/p><p><strong>Poy\u00e8te Depairon<\/strong><br \/>Rue de Limbourg 75, 4800 Verviers<br \/><span style=\"text-decoration: underline;\"><a href=\"https:\/\/www.poyete.com\/\">https:\/\/www.poyete.com\/<\/a><\/span><\/p><p><strong>Dessine-moi un Jardin<\/strong><br \/>Rue sur les Haies 10, 4671 Blegny<br \/><span style=\"text-decoration: underline;\"><a href=\"https:\/\/www.dessine-moiunjardin.com\/\">https:\/\/www.dessine-moiunjardin.com\/<\/a><\/span><\/p><p data-pm-slice=\"1 1 []\">N\u2019h\u00e9sitez pas \u00e0 leur rendre visite pour voir, sentir et toucher mes cr\u00e9ations avant de faire votre choix.<\/p><h4>2. Sur mon site web<\/h4><p>La mani\u00e8re la plus directe et pratique d\u2019explorer la gamme compl\u00e8te de mes cr\u00e9ations est via mon site web officiel. Vous y trouverez une multitude de produits, tous disponibles \u00e0 port\u00e9e de clic.<\/p>\t\t\t\t\t\t\t\t<\/div>\n\t\t\t\t<\/div>\n\t\t\t\t<div class=\"elementor-element elementor-element-20f8a1f elementor-widget elementor-widget-button\" data-id=\"20f8a1f\" data-element_type=\"widget\" data-e-type=\"widget\" data-widget_type=\"button.default\">\n\t\t\t\t<div class=\"elementor-widget-container\">\n\t\t\t\t\t\t\t\t\t<div class=\"elementor-button-wrapper\">\n\t\t\t\t\t<a class=\"elementor-button elementor-button-link elementor-size-sm\" href=\"https:\/\/www.novani.be\/index.php\/boutique\/\">\n\t\t\t\t\t\t<span class=\"elementor-button-content-wrapper\">\n\t\t\t\t\t\t\t\t\t<span class=\"elementor-button-text\">Visitez la boutique en ligne<\/span>\n\t\t\t\t\t<\/span>\n\t\t\t\t\t<\/a>\n\t\t\t\t<\/div>\n\t\t\t\t\t\t\t\t<\/div>\n\t\t\t\t<\/div>\n\t\t\t\t<div class=\"elementor-element elementor-element-1517be7 elementor-widget elementor-widget-text-editor\" data-id=\"1517be7\" data-element_type=\"widget\" data-e-type=\"widget\" data-widget_type=\"text-editor.default\">\n\t\t\t\t<div class=\"elementor-widget-container\">\n\t\t\t\t\t\t\t\t\t<p><span style=\"color: #333333; font-family: Poppins; font-size: 17px; font-weight: 600; text-align: var(--text-align);\">3. Sur les r\u00e9seaux sociaux<\/span><\/p><p>Je suis \u00e9galement pr\u00e9sente sur les r\u00e9seaux sociaux, o\u00f9 vous pouvez non seulement voir mes derni\u00e8res cr\u00e9ations, mais aussi b\u00e9n\u00e9ficier d\u2019offres sp\u00e9ciales et participer \u00e0 mes concours :<\/p><ul><li><strong>Facebook<\/strong> : <a href=\"https:\/\/www.facebook.com\/novani.decoration\">Novani sur Facebook<\/a><\/li><li><strong>Instagram<\/strong> : <a href=\"https:\/\/www.instagram.com\/novani.decoration\">Novani sur Instagram<\/a><\/li><\/ul><p>N\u2019oubliez pas de me suivre pour rester inform\u00e9.e des nouveaut\u00e9s et des \u00e9v\u00e9nements \u00e0 venir !<\/p><h4>4. Sur les march\u00e9s artisanaux<\/h4><p>Pour ceux qui pr\u00e9f\u00e8rent une exp\u00e9rience d\u2019achat plus tangible, je participe r\u00e9guli\u00e8rement \u00e0 divers march\u00e9s artisanaux. Venez me rencontrer en personne, d\u00e9couvrir mes produits de pr\u00e8s, et profiter de l\u2019ambiance unique de ces \u00e9v\u00e9nements. Suivez-moi sur les r\u00e9seaux sociaux pour conna\u00eetre les dates et lieux de mes prochaines apparitions.<\/p>\t\t\t\t\t\t\t\t<\/div>\n\t\t\t\t<\/div>\n\t\t\t\t<div class=\"elementor-element elementor-element-d4c6259 elementor-widget elementor-widget-heading\" data-id=\"d4c6259\" data-element_type=\"widget\" data-e-type=\"widget\" data-widget_type=\"heading.default\">\n\t\t\t\t<div class=\"elementor-widget-container\">\n\t\t\t\t\t<h2 class=\"elementor-heading-title elementor-size-default\">Vous souhaitez devenir revendeur ?<\/h2>\t\t\t\t<\/div>\n\t\t\t\t<\/div>\n\t\t\t\t<div class=\"elementor-element elementor-element-612fd06 elementor-widget elementor-widget-text-editor\" data-id=\"612fd06\" data-element_type=\"widget\" data-e-type=\"widget\" data-widget_type=\"text-editor.default\">\n\t\t\t\t<div class=\"elementor-widget-container\">\n\t\t\t\t\t\t\t\t\t<p data-pm-slice=\"1 1 []\">Vous avez une boutique et souhaitez proposer mes cr\u00e9ations \u00e0 votre client\u00e8le ? Contactez-moi pour nous rencontrer afin de discuter d\u2019un partenariat et d\u00e9couvrir mes conditions de collaboration.\u00a0<\/p>\t\t\t\t\t\t\t\t<\/div>\n\t\t\t\t<\/div>\n\t\t\t\t<div class=\"elementor-element elementor-element-d307653 elementor-widget elementor-widget-button\" data-id=\"d307653\" data-element_type=\"widget\" data-e-type=\"widget\" data-widget_type=\"button.default\">\n\t\t\t\t<div class=\"elementor-widget-container\">\n\t\t\t\t\t\t\t\t\t<div class=\"elementor-button-wrapper\">\n\t\t\t\t\t<a class=\"elementor-button elementor-button-link elementor-size-sm\" href=\"https:\/\/www.novani.be\/index.php\/revendeurs\/\">\n\t\t\t\t\t\t<span class=\"elementor-button-content-wrapper\">\n\t\t\t\t\t\t\t\t\t<span class=\"elementor-button-text\">Demandez des informations<\/span>\n\t\t\t\t\t<\/span>\n\t\t\t\t\t<\/a>\n\t\t\t\t<\/div>\n\t\t\t\t\t\t\t\t<\/div>\n\t\t\t\t<\/div>\n\t\t\t\t\t<\/div>\n\t\t\t\t<\/div>\n\t\t\t\t<\/div>\n\t\t","protected":false},"excerpt":{"rendered":"<p>O\u00f9 trouver mes cr\u00e9ations ? Vous cherchez o\u00f9 d\u00e9couvrir et acheter mes cr\u00e9ations sensorielles en terrazzo ? Voici toutes les options disponibles : 1. Chez mes revendeurs Je travaille avec plusieurs magasins s\u00e9lectionn\u00e9s pour vous offrir un acc\u00e8s local \u00e0 mes produits : Moms&#8217; Pop Up Store (du 25\/04\/2026 au 31\/01\/2027)Rue du Pot d&#8217;Or 254000 [&hellip;]<\/p>\n","protected":false},"author":1,"featured_media":0,"parent":0,"menu_order":0,"comment_status":"closed","ping_status":"closed","template":"","meta":{"content-type":"","om_disable_all_campaigns":false,"_monsterinsights_skip_tracking":false,"_monsterinsights_sitenote_active":false,"_monsterinsights_sitenote_note":"","_monsterinsights_sitenote_category":0,"_uf_show_specific_survey":0,"_uf_disable_surveys":false,"ocean_post_layout":"","ocean_both_sidebars_style":"","ocean_both_sidebars_content_width":0,"ocean_both_sidebars_sidebars_width":0,"ocean_sidebar":"","ocean_second_sidebar":"","ocean_disable_margins":"enable","ocean_add_body_class":"","ocean_shortcode_before_top_bar":"","ocean_shortcode_after_top_bar":"","ocean_shortcode_before_header":"","ocean_shortcode_after_header":"","ocean_has_shortcode":"","ocean_shortcode_after_title":"","ocean_shortcode_before_footer_widgets":"","ocean_shortcode_after_footer_widgets":"","ocean_shortcode_before_footer_bottom":"","ocean_shortcode_after_footer_bottom":"","ocean_display_top_bar":"default","ocean_display_header":"default","ocean_header_style":"","ocean_center_header_left_menu":"","ocean_custom_header_template":"","ocean_custom_logo":0,"ocean_custom_retina_logo":0,"ocean_custom_logo_max_width":0,"ocean_custom_logo_tablet_max_width":0,"ocean_custom_logo_mobile_max_width":0,"ocean_custom_logo_max_height":0,"ocean_custom_logo_tablet_max_height":0,"ocean_custom_logo_mobile_max_height":0,"ocean_header_custom_menu":"","ocean_menu_typo_font_family":"","ocean_menu_typo_font_subset":"","ocean_menu_typo_font_size":0,"ocean_menu_typo_font_size_tablet":0,"ocean_menu_typo_font_size_mobile":0,"ocean_menu_typo_font_size_unit":"px","ocean_menu_typo_font_weight":"","ocean_menu_typo_font_weight_tablet":"","ocean_menu_typo_font_weight_mobile":"","ocean_menu_typo_transform":"","ocean_menu_typo_transform_tablet":"","ocean_menu_typo_transform_mobile":"","ocean_menu_typo_line_height":0,"ocean_menu_typo_line_height_tablet":0,"ocean_menu_typo_line_height_mobile":0,"ocean_menu_typo_line_height_unit":"","ocean_menu_typo_spacing":0,"ocean_menu_typo_spacing_tablet":0,"ocean_menu_typo_spacing_mobile":0,"ocean_menu_typo_spacing_unit":"","ocean_menu_link_color":"","ocean_menu_link_color_hover":"","ocean_menu_link_color_active":"","ocean_menu_link_background":"","ocean_menu_link_hover_background":"","ocean_menu_link_active_background":"","ocean_menu_social_links_bg":"","ocean_menu_social_hover_links_bg":"","ocean_menu_social_links_color":"","ocean_menu_social_hover_links_color":"","ocean_disable_title":"default","ocean_disable_heading":"default","ocean_post_title":"","ocean_post_subheading":"","ocean_post_title_style":"","ocean_post_title_background_color":"","ocean_post_title_background":0,"ocean_post_title_bg_image_position":"","ocean_post_title_bg_image_attachment":"","ocean_post_title_bg_image_repeat":"","ocean_post_title_bg_image_size":"","ocean_post_title_height":0,"ocean_post_title_bg_overlay":0.5,"ocean_post_title_bg_overlay_color":"","ocean_disable_breadcrumbs":"default","ocean_breadcrumbs_color":"","ocean_breadcrumbs_separator_color":"","ocean_breadcrumbs_links_color":"","ocean_breadcrumbs_links_hover_color":"","ocean_display_footer_widgets":"default","ocean_display_footer_bottom":"default","ocean_custom_footer_template":"","ofc_meta_disable_footer_callout":"","ofc_meta_callout_button_url":"","ofc_meta_callout_button_txt":"","ofc_meta_callout_text":"","ofc_enable_fullscreen":"disable","ofc_fullscreen_speed":0,"ofc_fullscreen_nav":"enable","ofc_fullscreen_nav_pos":"right","ofc_fullscreen_nav_color":"","ofc_fullscreen_nav_tooltip_color":"","ofc_fullscreen_responsive":0,"osp_disable_panel":"default","osh_disable_topbar_sticky":"default","osh_disable_header_sticky":"default","osh_sticky_header_style":"default","osh_sticky_header_effect":"","osh_custom_sticky_logo":0,"osh_custom_retina_sticky_logo":0,"osh_custom_sticky_logo_height":0,"osh_background_color":"","osh_links_color":"","osh_links_hover_color":"","osh_links_active_color":"","osh_links_bg_color":"","osh_links_hover_bg_color":"","osh_links_active_bg_color":"","osh_menu_social_links_color":"","osh_menu_social_hover_links_color":"","footnotes":""},"class_list":["post-937","page","type-page","status-publish","hentry","entry","owp-thumbs-layout-vertical","owp-btn-normal","owp-tabs-layout-vertical","has-no-thumbnails","has-product-nav","circle-sale"],"aioseo_notices":[],"_links":{"self":[{"href":"https:\/\/www.novani.be\/index.php\/wp-json\/wp\/v2\/pages\/937","targetHints":{"allow":["GET"]}}],"collection":[{"href":"https:\/\/www.novani.be\/index.php\/wp-json\/wp\/v2\/pages"}],"about":[{"href":"https:\/\/www.novani.be\/index.php\/wp-json\/wp\/v2\/types\/page"}],"author":[{"embeddable":true,"href":"https:\/\/www.novani.be\/index.php\/wp-json\/wp\/v2\/users\/1"}],"replies":[{"embeddable":true,"href":"https:\/\/www.novani.be\/index.php\/wp-json\/wp\/v2\/comments?post=937"}],"version-history":[{"count":50,"href":"https:\/\/www.novani.be\/index.php\/wp-json\/wp\/v2\/pages\/937\/revisions"}],"predecessor-version":[{"id":7168,"href":"https:\/\/www.novani.be\/index.php\/wp-json\/wp\/v2\/pages\/937\/revisions\/7168"}],"wp:attachment":[{"href":"https:\/\/www.novani.be\/index.php\/wp-json\/wp\/v2\/media?parent=937"}],"curies":[{"name":"wp","href":"https:\/\/api.w.org\/{rel}","templated":true}]}}