{"id":4303,"date":"2025-04-01T22:09:14","date_gmt":"2025-04-01T20:09:14","guid":{"rendered":"https:\/\/www.novani.be\/?page_id=4303"},"modified":"2025-05-24T20:58:55","modified_gmt":"2025-05-24T18:58:55","slug":"oupeye-28-05-19h","status":"publish","type":"page","link":"https:\/\/www.novani.be\/index.php\/oupeye-28-05-19h\/","title":{"rendered":"Oupeye (28\/05 &#8211; 19h)"},"content":{"rendered":"\t\t<div data-elementor-type=\"wp-page\" data-elementor-id=\"4303\" class=\"elementor elementor-4303\" data-elementor-post-type=\"page\">\n\t\t\t\t<div class=\"elementor-element elementor-element-7c9202f e-flex e-con-boxed e-con e-parent\" data-id=\"7c9202f\" data-element_type=\"container\" data-e-type=\"container\">\n\t\t\t\t\t<div class=\"e-con-inner\">\n\t\t\t\t<div class=\"elementor-element elementor-element-db3a77e elementor-widget elementor-widget-heading\" data-id=\"db3a77e\" data-element_type=\"widget\" data-e-type=\"widget\" data-widget_type=\"heading.default\">\n\t\t\t\t<div class=\"elementor-widget-container\">\n\t\t\t\t\t<h2 class=\"elementor-heading-title elementor-size-default\">R\u00e9aliser son plateau vide-poches en terrazzo<\/h2>\t\t\t\t<\/div>\n\t\t\t\t<\/div>\n\t\t\t\t\t<\/div>\n\t\t\t\t<\/div>\n\t\t<div class=\"elementor-element elementor-element-709cf22 e-flex e-con-boxed e-con e-parent\" data-id=\"709cf22\" data-element_type=\"container\" data-e-type=\"container\">\n\t\t\t\t\t<div class=\"e-con-inner\">\n\t\t<div class=\"elementor-element elementor-element-8d9a0a4 e-con-full e-flex e-con e-child\" data-id=\"8d9a0a4\" data-element_type=\"container\" data-e-type=\"container\">\n\t\t\t\t<div class=\"elementor-element elementor-element-c4f07ea elementor-widget elementor-widget-heading\" data-id=\"c4f07ea\" data-element_type=\"widget\" data-e-type=\"widget\" data-widget_type=\"heading.default\">\n\t\t\t\t<div class=\"elementor-widget-container\">\n\t\t\t\t\t<h2 class=\"elementor-heading-title elementor-size-default\">28 mai - 19h - Oupeye<\/h2>\t\t\t\t<\/div>\n\t\t\t\t<\/div>\n\t\t\t\t<div class=\"elementor-element elementor-element-04e16f4 elementor-widget elementor-widget-text-editor\" data-id=\"04e16f4\" data-element_type=\"widget\" data-e-type=\"widget\" data-widget_type=\"text-editor.default\">\n\t\t\t\t<div class=\"elementor-widget-container\">\n\t\t\t\t\t\t\t\t\t<p><span style=\"font-size: 14px; text-align: var(--text-align);\">[ANNUL\u00c9<\/span><span style=\"font-size: 14px; text-align: var(--text-align);\">]<\/span><\/p><p><span style=\"font-size: 14px; text-align: var(--text-align);\">Participez \u00e0 un atelier cr\u00e9atif de 3 heures, o\u00f9 vous d\u00e9couvrirez des astuces, \u00e9changerez des id\u00e9es et passerez un moment convivial.<\/span><\/p><p><span style=\"font-size: 14px; text-align: var(--text-align);\">Tout le mat\u00e9riel n\u00e9cessaire (jesmonite, pigments, accessoires) sera fourni, et vous repartirez avec des cr\u00e9ations uniques r\u00e9alis\u00e9es de vos propres mains.<\/span><\/p>\t\t\t\t\t\t\t\t<\/div>\n\t\t\t\t<\/div>\n\t\t\t\t<div class=\"elementor-element elementor-element-53a3559 elementor-widget elementor-widget-image\" data-id=\"53a3559\" data-element_type=\"widget\" data-e-type=\"widget\" data-widget_type=\"image.default\">\n\t\t\t\t<div class=\"elementor-widget-container\">\n\t\t\t\t\t\t\t\t\t\t\t\t\t\t\t<img fetchpriority=\"high\" decoding=\"async\" width=\"896\" height=\"896\" src=\"https:\/\/www.novani.be\/wp-content\/uploads\/2024\/05\/Photoroom_20250215_095306.jpeg\" class=\"attachment-large size-large wp-image-3504 wvs-archive-product-image\" alt=\"\" srcset=\"https:\/\/www.novani.be\/wp-content\/uploads\/2024\/05\/Photoroom_20250215_095306.jpeg 896w, https:\/\/www.novani.be\/wp-content\/uploads\/2024\/05\/Photoroom_20250215_095306-300x300.jpeg 300w, https:\/\/www.novani.be\/wp-content\/uploads\/2024\/05\/Photoroom_20250215_095306-150x150.jpeg 150w, https:\/\/www.novani.be\/wp-content\/uploads\/2024\/05\/Photoroom_20250215_095306-768x768.jpeg 768w, https:\/\/www.novani.be\/wp-content\/uploads\/2024\/05\/Photoroom_20250215_095306-600x600.jpeg 600w, https:\/\/www.novani.be\/wp-content\/uploads\/2024\/05\/Photoroom_20250215_095306-100x100.jpeg 100w\" sizes=\"(max-width: 896px) 100vw, 896px\" \/>\t\t\t\t\t\t\t\t\t\t\t\t\t\t\t<\/div>\n\t\t\t\t<\/div>\n\t\t\t\t<\/div>\n\t\t<div class=\"elementor-element elementor-element-1c6ee5c e-con-full e-flex e-con e-child\" data-id=\"1c6ee5c\" data-element_type=\"container\" data-e-type=\"container\">\n\t\t\t\t<div class=\"elementor-element elementor-element-e65b9f6 elementor-widget elementor-widget-text-editor\" data-id=\"e65b9f6\" data-element_type=\"widget\" data-e-type=\"widget\" data-widget_type=\"text-editor.default\">\n\t\t\t\t<div class=\"elementor-widget-container\">\n\t\t\t\t\t\t\t\t\t<p>Au cours de cet atelier, vous r\u00e9aliserez vide-poches en terrazzo aux couleurs de votre choix.<\/p>\n<p>Vous cr\u00e9erez votre \u0153uvre de A \u00e0 Z, en b\u00e9n\u00e9ficiant de mon expertise.<\/p>\n<p>Les snacks et verres de bulles sont inclus, pour un moment vraiment convivial !<\/p>\n<p><strong>Lieu de l&#8217;atelier :<\/strong><br><span style=\"font-size: 14px;\">by Bibi<br>Rue Ferdinand Lechanteur 31<br>4681 Hermalle \/s Argenteau<\/span><\/p>\n<p><span style=\"font-size: 14px; text-align: var(--text-align);\"><b>Date et heure :<\/b><br>28 mai, de 19h \u00e0 22h<br><\/span><span style=\"font-family: Poppins; font-size: 14px; font-style: normal; font-variant-ligatures: normal; font-variant-caps: normal; font-weight: 400; text-align: var(--text-align);\">(veuillez arriver 5 \u00e0 10 minutes \u00e0 l\u2019avance svp)<\/span><\/p>\n<p><span style=\"font-size: 14px; text-align: var(--text-align);\"><strong>Prix :<br><\/strong>50 \u20ac \/ personne tout inclus<\/span><\/p>\n<p><span style=\"font-size: 14px; text-align: var(--text-align);\"><strong>Inscriptions :<\/strong><br>Vous pouvez vous inscrire directement via le formulaire ci-joint et choisir le r\u00e8glement qui vous convient le mieux. Un acompte de 30\u20ac est demand\u00e9 pour s\u00e9curiser votre place, le solde sera \u00e0 r\u00e9gler le jour de l&#8217;atelier.<br><\/span><\/p>\t\t\t\t\t\t\t\t<\/div>\n\t\t\t\t<\/div>\n\t\t\t\t<\/div>\n\t\t<div class=\"elementor-element elementor-element-1ae7001 e-con-full e-flex e-con e-child\" data-id=\"1ae7001\" data-element_type=\"container\" data-e-type=\"container\" data-settings=\"{&quot;background_background&quot;:&quot;classic&quot;}\">\n\t\t\t\t<div class=\"elementor-element elementor-element-cbd0851 elementor-widget elementor-widget-heading\" data-id=\"cbd0851\" data-element_type=\"widget\" data-e-type=\"widget\" data-widget_type=\"heading.default\">\n\t\t\t\t<div class=\"elementor-widget-container\">\n\t\t\t\t\t<h2 class=\"elementor-heading-title elementor-size-default\">JE M'INSCRIS ICI<\/h2>\t\t\t\t<\/div>\n\t\t\t\t<\/div>\n\t\t\t\t<div class=\"elementor-element elementor-element-a586d85 elementor-widget elementor-widget-wpforms\" data-id=\"a586d85\" data-element_type=\"widget\" data-e-type=\"widget\" data-widget_type=\"wpforms.default\">\n\t\t\t\t<div class=\"elementor-widget-container\">\n\t\t\t\t\t<style id=\"wpforms-css-vars-elementor-widget-a586d85\">\n\t\t\t\t.elementor-widget-wpforms.elementor-element-a586d85 {\n\t\t\t\t--wpforms-button-background-color: #E0D6CF;\n--wpforms-button-text-color: #000000;\n\t\t\t}\n\t\t\t<\/style>\t\t\t\t<\/div>\n\t\t\t\t<\/div>\n\t\t\t\t<\/div>\n\t\t\t\t\t<\/div>\n\t\t\t\t<\/div>\n\t\t\t\t<\/div>\n\t\t","protected":false},"excerpt":{"rendered":"<p>R\u00e9aliser son plateau vide-poches en terrazzo 28 mai &#8211; 19h &#8211; Oupeye [ANNUL\u00c9] Participez \u00e0 un atelier cr\u00e9atif de 3 heures, o\u00f9 vous d\u00e9couvrirez des astuces, \u00e9changerez des id\u00e9es et passerez un moment convivial. Tout le mat\u00e9riel n\u00e9cessaire (jesmonite, pigments, accessoires) sera fourni, et vous repartirez avec des cr\u00e9ations uniques r\u00e9alis\u00e9es de vos propres mains. [&hellip;]<\/p>\n","protected":false},"author":1,"featured_media":0,"parent":0,"menu_order":0,"comment_status":"closed","ping_status":"closed","template":"","meta":{"content-type":"","om_disable_all_campaigns":false,"_monsterinsights_skip_tracking":false,"_monsterinsights_sitenote_active":false,"_monsterinsights_sitenote_note":"","_monsterinsights_sitenote_category":0,"_uf_show_specific_survey":0,"_uf_disable_surveys":false,"ocean_post_layout":"","ocean_both_sidebars_style":"","ocean_both_sidebars_content_width":0,"ocean_both_sidebars_sidebars_width":0,"ocean_sidebar":"","ocean_second_sidebar":"","ocean_disable_margins":"enable","ocean_add_body_class":"","ocean_shortcode_before_top_bar":"","ocean_shortcode_after_top_bar":"","ocean_shortcode_before_header":"","ocean_shortcode_after_header":"","ocean_has_shortcode":"","ocean_shortcode_after_title":"","ocean_shortcode_before_footer_widgets":"","ocean_shortcode_after_footer_widgets":"","ocean_shortcode_before_footer_bottom":"","ocean_shortcode_after_footer_bottom":"","ocean_display_top_bar":"default","ocean_display_header":"default","ocean_header_style":"","ocean_center_header_left_menu":"","ocean_custom_header_template":"","ocean_custom_logo":0,"ocean_custom_retina_logo":0,"ocean_custom_logo_max_width":0,"ocean_custom_logo_tablet_max_width":0,"ocean_custom_logo_mobile_max_width":0,"ocean_custom_logo_max_height":0,"ocean_custom_logo_tablet_max_height":0,"ocean_custom_logo_mobile_max_height":0,"ocean_header_custom_menu":"","ocean_menu_typo_font_family":"","ocean_menu_typo_font_subset":"","ocean_menu_typo_font_size":0,"ocean_menu_typo_font_size_tablet":0,"ocean_menu_typo_font_size_mobile":0,"ocean_menu_typo_font_size_unit":"px","ocean_menu_typo_font_weight":"","ocean_menu_typo_font_weight_tablet":"","ocean_menu_typo_font_weight_mobile":"","ocean_menu_typo_transform":"","ocean_menu_typo_transform_tablet":"","ocean_menu_typo_transform_mobile":"","ocean_menu_typo_line_height":0,"ocean_menu_typo_line_height_tablet":0,"ocean_menu_typo_line_height_mobile":0,"ocean_menu_typo_line_height_unit":"","ocean_menu_typo_spacing":0,"ocean_menu_typo_spacing_tablet":0,"ocean_menu_typo_spacing_mobile":0,"ocean_menu_typo_spacing_unit":"","ocean_menu_link_color":"","ocean_menu_link_color_hover":"","ocean_menu_link_color_active":"","ocean_menu_link_background":"","ocean_menu_link_hover_background":"","ocean_menu_link_active_background":"","ocean_menu_social_links_bg":"","ocean_menu_social_hover_links_bg":"","ocean_menu_social_links_color":"","ocean_menu_social_hover_links_color":"","ocean_disable_title":"default","ocean_disable_heading":"default","ocean_post_title":"","ocean_post_subheading":"","ocean_post_title_style":"","ocean_post_title_background_color":"","ocean_post_title_background":0,"ocean_post_title_bg_image_position":"","ocean_post_title_bg_image_attachment":"","ocean_post_title_bg_image_repeat":"","ocean_post_title_bg_image_size":"","ocean_post_title_height":0,"ocean_post_title_bg_overlay":0.5,"ocean_post_title_bg_overlay_color":"","ocean_disable_breadcrumbs":"default","ocean_breadcrumbs_color":"","ocean_breadcrumbs_separator_color":"","ocean_breadcrumbs_links_color":"","ocean_breadcrumbs_links_hover_color":"","ocean_display_footer_widgets":"default","ocean_display_footer_bottom":"default","ocean_custom_footer_template":"","ofc_meta_disable_footer_callout":"","ofc_meta_callout_button_url":"","ofc_meta_callout_button_txt":"","ofc_meta_callout_text":"","ofc_enable_fullscreen":"disable","ofc_fullscreen_speed":0,"ofc_fullscreen_nav":"enable","ofc_fullscreen_nav_pos":"right","ofc_fullscreen_nav_color":"","ofc_fullscreen_nav_tooltip_color":"","ofc_fullscreen_responsive":0,"osp_disable_panel":"default","osh_disable_topbar_sticky":"default","osh_disable_header_sticky":"default","osh_sticky_header_style":"default","osh_sticky_header_effect":"","osh_custom_sticky_logo":0,"osh_custom_retina_sticky_logo":0,"osh_custom_sticky_logo_height":0,"osh_background_color":"","osh_links_color":"","osh_links_hover_color":"","osh_links_active_color":"","osh_links_bg_color":"","osh_links_hover_bg_color":"","osh_links_active_bg_color":"","osh_menu_social_links_color":"","osh_menu_social_hover_links_color":"","footnotes":""},"class_list":["post-4303","page","type-page","status-publish","hentry","entry","owp-thumbs-layout-vertical","owp-btn-normal","owp-tabs-layout-vertical","has-no-thumbnails","has-product-nav","circle-sale"],"aioseo_notices":[],"_links":{"self":[{"href":"https:\/\/www.novani.be\/index.php\/wp-json\/wp\/v2\/pages\/4303","targetHints":{"allow":["GET"]}}],"collection":[{"href":"https:\/\/www.novani.be\/index.php\/wp-json\/wp\/v2\/pages"}],"about":[{"href":"https:\/\/www.novani.be\/index.php\/wp-json\/wp\/v2\/types\/page"}],"author":[{"embeddable":true,"href":"https:\/\/www.novani.be\/index.php\/wp-json\/wp\/v2\/users\/1"}],"replies":[{"embeddable":true,"href":"https:\/\/www.novani.be\/index.php\/wp-json\/wp\/v2\/comments?post=4303"}],"version-history":[{"count":13,"href":"https:\/\/www.novani.be\/index.php\/wp-json\/wp\/v2\/pages\/4303\/revisions"}],"predecessor-version":[{"id":4789,"href":"https:\/\/www.novani.be\/index.php\/wp-json\/wp\/v2\/pages\/4303\/revisions\/4789"}],"wp:attachment":[{"href":"https:\/\/www.novani.be\/index.php\/wp-json\/wp\/v2\/media?parent=4303"}],"curies":[{"name":"wp","href":"https:\/\/api.w.org\/{rel}","templated":true}]}}